at is -1121100200002120 - 1010?
-1121100200010200
In base 12, what is -1100ab - a?
-1100b9
In base 14, what is -315474 - -2c?
-315446
In base 5, what is 141 + 421033?
421224
In base 7, what is -4 - -554110522?
554110515
In base 14, what is -5 + 2472ab?
2472a6
In base 4, what is 1202 + 1213001122?
1213002330
In base 15, what is -2b9620 - -4?
-2b961b
In base 5, what is 1323333 - 210024?
1113304
In base 10, what is 1 + 40439873?
40439874
In base 11, what is 12a630a94 + -1?
12a630a93
In base 8, what is 6665415 - 21?
6665374
In base 7, what is 41131550 - 2?
41131545
In base 15, what is -126c506 - 4?
-126c50a
In base 14, what is c40050 - 12?
c4003c
In base 15, what is 367a72a + -1?
367a729
In base 4, what is 11 - 1221223?
-1221212
In base 10, what is 198 + 34555?
34753
In base 9, what is 0 - -220850234?
220850234
In base 5, what is 100242032 + -10024?
100232003
In base 6, what is 41104340 - -10?
41104350
In base 9, what is 55141324 - 4?
55141320
In base 7, what is -10 - 1660460?
-1660500
In base 2, what is -1 - -110000111101000010100?
110000111101000010011
In base 9, what is 1322 + 4037?
5360
In base 8, what is -262440672 - 3?
-262440675
In base 10, what is 7233 + -178?
7055
In base 8, what is 3 + 10122616?
10122621
In base 9, what is -2124 + -281054?
-283178
In base 9, what is 2173137 + -6?
2173131
In base 10, what is -53694069 + 2?
-53694067
In base 9, what is 0 + 21062038?
21062038
In base 13, what is 4 + -4c372c7?
-4c372c3
In base 3, what is 100012112001002 + -1?
100012112001001
In base 4, what is -22 - -111323003211?
111323003123
In base 4, what is -1121302 + 102322023?
101200121
In base 7, what is -6130 - 21314?
-30444
In base 12, what is b + -46914b?
-469140
In base 4, what is -10231300 - -10120?
-10221120
In base 5, what is -131 + -11310123141?
-11310123322
In base 4, what is 0 - -2323101121003?
2323101121003
In base 6, what is 4 - 4504451?
-4504443
In base 9, what is -1084 + 2284?
1200
In base 15, what is -4 + -24951d?
-249522
In base 16, what is -6e1ae - -4ee?
-6dcc0
In base 6, what is -110512140 + 41?
-110512055
In base 7, what is 55406654 + -146?
55406505
In base 14, what is 3 + -82a4c67?
-82a4c64
In base 9, what is 144 + 1540524?
1540668
In base 2, what is 1101101011101010001011111101 - -11?
1101101011101010001100000000
In base 2, what is 0 + -100010100000010101010101?
-100010100000010101010101
In base 14, what is 3 + 4978793?
4978796
In base 13, what is -1785 + -15267?
-16a1c
In base 6, what is 2 + 122433310?
122433312
In base 13, what is 20075c - 5?
200757
In base 12, what is a22 + 6a70?
7892
In base 2, what is -1110111011000111110011 + 1110?
-1110111011000111100101
In base 11, what is -82 - -145112?
145040
In base 14, what is cc0 + a16d?
b04d
In base 15, what is -8 - -52db946?
52db93d
In base 6, what is 104520 + 204005?
312525
In base 10, what is 1 + -249026?
-249025
In base 4, what is -11333033 + 3102?
-11323331
In base 3, what is 102111200222020 - -10?
102111200222100
In base 6, what is 14030121 + 55?
14030220
In base 4, what is -1311030 + 20022?
-1231002
In base 4, what is -2033321012 - -23?
-2033320323
In base 14, what is -2babc - 26c1?
-3039d
In base 5, what is 32223 - 1022400?
-440122
In base 12, what is -113b03 - -290?
-113833
In base 13, what is -5892165 + -1a?
-5892182
In base 16, what is 20140f - 4?
20140b
In base 5, what is 1142024 + 2144011?
3341040
In base 3, what is -20221002 + 200001?
-20021001
In base 13, what is 2 - -b0b963?
b0b965
In base 8, what is -37163724 - -2?
-37163722
In base 2, what is -100111111101100011 + 1000001?
-100111111100100010
In base 13, what is 20 - -c7130cb?
c71311b
In base 9, what is 2 - 56476250?
-56476247
In base 4, what is -21222 - 20110?
-101332
In base 5, what is -244300021 + -1142?
-244301213
In base 8, what is -6 + -10631747?
-10631755
In base 6, what is -322 + -513452251?
-513453013
In base 9, what is 6401862 + -152?
6401710
In base 3, what is -222002201011210 + 21?
-222002201011112
In base 7, what is 415 + 6331640?
6332355
In base 4, what is -3 + -21000100100?
-21000100103
In base 7, what is -2102 + 125662?
123560
In base 3, what is 2010 - -2112211002102?
2112211011112
In base 5, what is -22 - 220431004?
-220431031
In base 16, what is 5 + 16ab5f?
16ab64
In base 15, what is -1d43dc8 + -25?
-1d43ded
In base 9, what is -2824276 - 36?
-2824323
In base 15, what is 1c - -1e871a1?
1e871bd
In base 12, what is -58838 - 609?
-59245
In base 5, what is 3 - -1110222142?
1110222200
In base 3, what is -2221220212 + 112002?
-2221101210
In base 12, what is -4 - 2258b26?
-2258b2a
In base 6, what is -2 + 1151530431?
1151530425
In base 16, what is -7e82 - -18e?
-7cf4
In base 7, what is 35406 - -121266?
160005
In base 9, what is -10138711 + -46?
-10138757
In base 7, what is -1035 + 6431610?
6430542
In base 14, what is -69b02 + -1349?
-6b04b
In base 10, what is -7731810 + 3?
-7731807
In base 4, what is 100032 + -2031?
32001
In base 13, what is 15ba + 2744a?
28a37
In base 3, what is -1 + 1102000020011112?
1102000020011111
In base 14, what is -381 - 17386?
-17727
In base 5, what is -33232 + 3121420?
3033133
In base 11, what is 1903 - -10574?
12377
In base 12, what is -5147 - 1186?
-6311
In base 9, what is 83542 - 334?
83207
In base 13, what is 19 - -10a4311?
10a432a
In base 10, what is -356602 - -2791?
-353811
In base 8, what is 6 - 501504?
-501476
In base 6, what is 1450512235 + 22?
1450512301
In base 6, what is 33521451 + -151?
33521300
In base 12, what is 3819 + 660a?
a227
In base 9, what is 630661227 + 1?
630661228
In base 15, what is c482 + 506?
c988
In base 11, what is 2024281 + -8?
2024274
In base 3, what is -111 - 11121202112021?
-11121202112202
In base 10, what is 1668345 + 3?
1668348
In base 7, what is 64562 - 2220?
62342
In base 13, what is 8b81a + 1a?
8b837
In base 3, what is 10 + 1002000110100122211?
1002000110100122221
In base 11, what is 2 + -2833?
-2831
In base 5, what is -103201221 + 12303?
-103133413
In base 12, what is 2b + -a85a2?
-a8573
In base 13, what is 12904594 + 1?
12904595
In base 11, what is 132489 + 4?
132492
In base 16, what is -14ccc + 19?
-14cb3
In base 8, what is -6762 - -17361?
10377
In base 7, what is -232625 + -124?
-233052
In base 10, what is -302 + -8874?
-9176
In base 8, what is 1065 + -4131?
-3044
In base 2, what is 1000011100110001 - -1000000111001?
1001011101101010
In base 3, what is 1010 - -11011010000101?
11011010001111
In base 13, what is b9b911a + 5?
b9b9122
In base 10, what is -1847 - -167753?
165906
In base 16, what is c6 - -2b88a?
2b950
In base 8, what is 2714 - 270117?
-265203
In base 10, what is -519530 + -2?
-519532
In base 5, what is 214220 - 4140?
210030
In base 2, what is -101010101 - 100011011010010010?
-100011011111100111
In base 14, what is 243152 + 9?
24315b
In base 7, what is 4 + -532110116?
-532110112
In base 12, what is 2 + 29418b8?
29418ba
In base 2, what is -1011101000011100 + -10100?
-1011101000110000
In base 13, what is 1 + 2bc4348?
2bc4349
In base 15, what is -5 + 26222379?
26222374
In base 6, what is -10105 + -233553?
-244102
In base 13, what is 6 - -175b05?
175b0b
In base 4, what is 22 - 100233132031?
-100233132003
In base 9, what is 41273 - -127?
41411
In base 15, what is -e8d0a8 + -1?
-e8d0a9
In base 6, what is -1215312 + 32?
-1215240
In base 11, what is -10a73692 + -1?
-10a73693
In base 6, what is 21435 - 35231?
-13352
In base 16, what is -59b + -542?
-add
In base 15, what is -278444 - -30?
-278414
In base 9, what is -44 + -11184675?
-11184730
In base 10, what is -2300 - 70345?
-72645
In base 10, what is 4389 + -2410?
1979
In base 5, what is -10 + -1022140022?
-1022140032
In base 11, what is 2215 + -8a0a?
-67a5
In base 12, what is -4998 + -30?
-4a08
In base 16, what is -1 - 172c4a?
-172c4b
In base 2, what is 1110111111000001110000 - -1?
1110111111000001110001
In base 7, what is 1205212136 - -11?
1205212150
In base 15, what is 17d31 + 2e?
17d60
In base 12, what is 2a3a0379 + -2?
2a3a0377
In base 6, what is -1013212 + -1404?
-1015020
In base 11, what is 51066 - 531?
50635
In base 12, what is 3 - 13228b5?
-13228b2
In base 6, what is 420013200402 + -2?
420013200400
In base 2, what is -100110000010101110 - -101100011110?
-100101010110010000
In base 9, what is -4 - -163321?
163316
In base 13, what is 65288 - 4b0?
64aa8
In base 5, what is 22